{"id":18,"date":"2024-08-12T09:29:13","date_gmt":"2024-08-12T07:29:13","guid":{"rendered":"http:\/\/cms.lexax.pl\/?page_id=18"},"modified":"2025-11-10T17:05:31","modified_gmt":"2025-11-10T16:05:31","slug":"strona-glowna","status":"publish","type":"page","link":"https:\/\/cms.lexax.pl\/index.php\/strona-glowna\/","title":{"rendered":"Strona g\u0142\u00f3wna"},"content":{"rendered":"","protected":false},"excerpt":{"rendered":"","protected":false},"author":1,"featured_media":0,"parent":0,"menu_order":0,"comment_status":"closed","ping_status":"closed","template":"","meta":{"_acf_changed":false,"footnotes":""},"class_list":["post-18","page","type-page","status-publish","hentry"],"acf":[],"yoast_head":"<!-- This site is optimized with the Yoast SEO plugin v23.2 - https:\/\/yoast.com\/wordpress\/plugins\/seo\/ -->\n<title>Kancelaria prawna Lex AX Koszalin | Um\u00f3w si\u0119\u00a0na porad\u0119 prawn\u0105<\/title>\n<meta name=\"description\" content=\"Kancelaria prawna LEX AX \u2013 nowoczesne podej\u015bcie do prawa. Um\u00f3w si\u0119 na porad\u0119 prawn\u0105 online lub stacjonarnie. Jasne zasady, konkretne odpowiedzi, realne wsparcie.\" \/>\n<meta name=\"robots\" content=\"noindex, follow, max-snippet:-1, max-image-preview:large, max-video-preview:-1\" \/>\n<meta property=\"og:locale\" content=\"pl_PL\" \/>\n<meta property=\"og:type\" content=\"article\" \/>\n<meta property=\"og:title\" content=\"Kancelaria prawna Lex AX | Um\u00f3w si\u0119\u00a0na porad\u0119 prawn\u0105\" \/>\n<meta property=\"og:description\" content=\"Kancelaria prawna Lex AX \u2013 nowoczesne podej\u015bcie do prawa. Um\u00f3w si\u0119 na porad\u0119 prawn\u0105 online lub stacjonarnie. Jasne zasady, konkretne odpowiedzi, realne wsparcie.\" \/>\n<meta property=\"og:url\" content=\"https:\/\/cms.lexax.pl\/index.php\/strona-glowna\/\" \/>\n<meta property=\"og:site_name\" content=\"Lex AX\" \/>\n<meta property=\"article:modified_time\" content=\"2025-11-10T16:05:31+00:00\" \/>\n<meta name=\"twitter:card\" content=\"summary_large_image\" \/>\n<meta name=\"twitter:title\" content=\"Kancelaria prawna Lex AX | Um\u00f3w si\u0119\u00a0na porad\u0119 prawn\u0105\" \/>\n<meta name=\"twitter:description\" content=\"Kancelaria prawna Lex AX \u2013 nowoczesne podej\u015bcie do prawa. Um\u00f3w si\u0119 na porad\u0119 prawn\u0105 online lub stacjonarnie. Jasne zasady, konkretne odpowiedzi, realne wsparcie.\" \/>\n<script type=\"application\/ld+json\" class=\"yoast-schema-graph\">{\"@context\":\"https:\/\/schema.org\",\"@graph\":[{\"@type\":\"WebPage\",\"@id\":\"https:\/\/cms.lexax.pl\/index.php\/strona-glowna\/\",\"url\":\"https:\/\/cms.lexax.pl\/index.php\/strona-glowna\/\",\"name\":\"Kancelaria prawna Lex AX Koszalin | Um\u00f3w si\u0119\u00a0na porad\u0119 prawn\u0105\",\"isPartOf\":{\"@id\":\"http:\/\/cms.lexax.pl\/#website\"},\"datePublished\":\"2024-08-12T07:29:13+00:00\",\"dateModified\":\"2025-11-10T16:05:31+00:00\",\"description\":\"Kancelaria prawna LEX AX \u2013 nowoczesne podej\u015bcie do prawa. Um\u00f3w si\u0119 na porad\u0119 prawn\u0105 online lub stacjonarnie. Jasne zasady, konkretne odpowiedzi, realne wsparcie.\",\"breadcrumb\":{\"@id\":\"https:\/\/cms.lexax.pl\/index.php\/strona-glowna\/#breadcrumb\"},\"inLanguage\":\"pl-PL\",\"potentialAction\":[{\"@type\":\"ReadAction\",\"target\":[\"https:\/\/cms.lexax.pl\/index.php\/strona-glowna\/\"]}]},{\"@type\":\"BreadcrumbList\",\"@id\":\"https:\/\/cms.lexax.pl\/index.php\/strona-glowna\/#breadcrumb\",\"itemListElement\":[{\"@type\":\"ListItem\",\"position\":1,\"name\":\"Strona g\u0142\u00f3wna\",\"item\":\"http:\/\/cms.lexax.pl\/\"},{\"@type\":\"ListItem\",\"position\":2,\"name\":\"Strona g\u0142\u00f3wna\"}]},{\"@type\":\"WebSite\",\"@id\":\"http:\/\/cms.lexax.pl\/#website\",\"url\":\"http:\/\/cms.lexax.pl\/\",\"name\":\"Lex AX\",\"description\":\"\",\"potentialAction\":[{\"@type\":\"SearchAction\",\"target\":{\"@type\":\"EntryPoint\",\"urlTemplate\":\"http:\/\/cms.lexax.pl\/?s={search_term_string}\"},\"query-input\":\"required name=search_term_string\"}],\"inLanguage\":\"pl-PL\"}]}<\/script>\n<!-- \/ Yoast SEO plugin. -->","yoast_head_json":{"title":"Kancelaria prawna Lex AX Koszalin | Um\u00f3w si\u0119\u00a0na porad\u0119 prawn\u0105","description":"Kancelaria prawna LEX AX \u2013 nowoczesne podej\u015bcie do prawa. Um\u00f3w si\u0119 na porad\u0119 prawn\u0105 online lub stacjonarnie. Jasne zasady, konkretne odpowiedzi, realne wsparcie.","robots":{"index":"noindex","follow":"follow","max-snippet":"max-snippet:-1","max-image-preview":"max-image-preview:large","max-video-preview":"max-video-preview:-1"},"og_locale":"pl_PL","og_type":"article","og_title":"Kancelaria prawna Lex AX | Um\u00f3w si\u0119\u00a0na porad\u0119 prawn\u0105","og_description":"Kancelaria prawna Lex AX \u2013 nowoczesne podej\u015bcie do prawa. Um\u00f3w si\u0119 na porad\u0119 prawn\u0105 online lub stacjonarnie. Jasne zasady, konkretne odpowiedzi, realne wsparcie.","og_url":"https:\/\/cms.lexax.pl\/index.php\/strona-glowna\/","og_site_name":"Lex AX","article_modified_time":"2025-11-10T16:05:31+00:00","twitter_card":"summary_large_image","twitter_title":"Kancelaria prawna Lex AX | Um\u00f3w si\u0119\u00a0na porad\u0119 prawn\u0105","twitter_description":"Kancelaria prawna Lex AX \u2013 nowoczesne podej\u015bcie do prawa. Um\u00f3w si\u0119 na porad\u0119 prawn\u0105 online lub stacjonarnie. Jasne zasady, konkretne odpowiedzi, realne wsparcie.","schema":{"@context":"https:\/\/schema.org","@graph":[{"@type":"WebPage","@id":"https:\/\/cms.lexax.pl\/index.php\/strona-glowna\/","url":"https:\/\/cms.lexax.pl\/index.php\/strona-glowna\/","name":"Kancelaria prawna Lex AX Koszalin | Um\u00f3w si\u0119\u00a0na porad\u0119 prawn\u0105","isPartOf":{"@id":"http:\/\/cms.lexax.pl\/#website"},"datePublished":"2024-08-12T07:29:13+00:00","dateModified":"2025-11-10T16:05:31+00:00","description":"Kancelaria prawna LEX AX \u2013 nowoczesne podej\u015bcie do prawa. Um\u00f3w si\u0119 na porad\u0119 prawn\u0105 online lub stacjonarnie. Jasne zasady, konkretne odpowiedzi, realne wsparcie.","breadcrumb":{"@id":"https:\/\/cms.lexax.pl\/index.php\/strona-glowna\/#breadcrumb"},"inLanguage":"pl-PL","potentialAction":[{"@type":"ReadAction","target":["https:\/\/cms.lexax.pl\/index.php\/strona-glowna\/"]}]},{"@type":"BreadcrumbList","@id":"https:\/\/cms.lexax.pl\/index.php\/strona-glowna\/#breadcrumb","itemListElement":[{"@type":"ListItem","position":1,"name":"Strona g\u0142\u00f3wna","item":"http:\/\/cms.lexax.pl\/"},{"@type":"ListItem","position":2,"name":"Strona g\u0142\u00f3wna"}]},{"@type":"WebSite","@id":"http:\/\/cms.lexax.pl\/#website","url":"http:\/\/cms.lexax.pl\/","name":"Lex AX","description":"","potentialAction":[{"@type":"SearchAction","target":{"@type":"EntryPoint","urlTemplate":"http:\/\/cms.lexax.pl\/?s={search_term_string}"},"query-input":"required name=search_term_string"}],"inLanguage":"pl-PL"}]}},"_links":{"self":[{"href":"https:\/\/cms.lexax.pl\/index.php\/wp-json\/wp\/v2\/pages\/18","targetHints":{"allow":["GET"]}}],"collection":[{"href":"https:\/\/cms.lexax.pl\/index.php\/wp-json\/wp\/v2\/pages"}],"about":[{"href":"https:\/\/cms.lexax.pl\/index.php\/wp-json\/wp\/v2\/types\/page"}],"author":[{"embeddable":true,"href":"https:\/\/cms.lexax.pl\/index.php\/wp-json\/wp\/v2\/users\/1"}],"replies":[{"embeddable":true,"href":"https:\/\/cms.lexax.pl\/index.php\/wp-json\/wp\/v2\/comments?post=18"}],"version-history":[{"count":28,"href":"https:\/\/cms.lexax.pl\/index.php\/wp-json\/wp\/v2\/pages\/18\/revisions"}],"predecessor-version":[{"id":322,"href":"https:\/\/cms.lexax.pl\/index.php\/wp-json\/wp\/v2\/pages\/18\/revisions\/322"}],"wp:attachment":[{"href":"https:\/\/cms.lexax.pl\/index.php\/wp-json\/wp\/v2\/media?parent=18"}],"curies":[{"name":"wp","href":"https:\/\/api.w.org\/{rel}","templated":true}]}}